{"id":318,"date":"2021-01-31T23:19:01","date_gmt":"2021-01-31T22:19:01","guid":{"rendered":"https:\/\/digitalloverofficiel.com\/?page_id=318"},"modified":"2026-03-19T11:51:50","modified_gmt":"2026-03-19T10:51:50","slug":"accueil","status":"publish","type":"page","link":"https:\/\/digitalloverofficiel.com\/","title":{"rendered":"Accueil"},"content":{"rendered":"\t\t<div data-elementor-type=\"wp-page\" data-elementor-id=\"318\" class=\"elementor elementor-318\" data-elementor-post-type=\"page\">\n\t\t\t\t\t\t<section class=\"elementor-section elementor-top-section elementor-element elementor-element-6e75266 elementor-section-full_width elementor-section-height-default elementor-section-height-default\" data-id=\"6e75266\" data-element_type=\"section\" data-e-type=\"section\">\n\t\t\t\t\t\t<div class=\"elementor-container elementor-column-gap-default\">\n\t\t\t\t\t<div class=\"elementor-column elementor-col-100 elementor-top-column elementor-element elementor-element-116a4b4\" data-id=\"116a4b4\" data-element_type=\"column\" data-e-type=\"column\">\n\t\t\t<div class=\"elementor-widget-wrap elementor-element-populated\">\n\t\t\t\t\t\t<div class=\"elementor-element elementor-element-d1da5db animated-slow elementor-invisible elementor-widget elementor-widget-image\" data-id=\"d1da5db\" data-element_type=\"widget\" data-e-type=\"widget\" data-settings=\"{&quot;_animation&quot;:&quot;fadeInUp&quot;}\" data-widget_type=\"image.default\">\n\t\t\t\t<div class=\"elementor-widget-container\">\n\t\t\t\t\t\t\t\t\t\t\t\t\t\t\t<img fetchpriority=\"high\" decoding=\"async\" width=\"580\" height=\"108\" src=\"https:\/\/digitalloverofficiel.com\/wp-content\/uploads\/2021\/01\/DIGITAL-LOVER_PROFIL-PIC4-1024x190.png\" class=\"elementor-animation-grow attachment-large size-large wp-image-283\" alt=\"\" srcset=\"https:\/\/digitalloverofficiel.com\/wp-content\/uploads\/2021\/01\/DIGITAL-LOVER_PROFIL-PIC4-1024x190.png 1024w, https:\/\/digitalloverofficiel.com\/wp-content\/uploads\/2021\/01\/DIGITAL-LOVER_PROFIL-PIC4-e1610316966960-600x111.png 600w, https:\/\/digitalloverofficiel.com\/wp-content\/uploads\/2021\/01\/DIGITAL-LOVER_PROFIL-PIC4-300x56.png 300w, https:\/\/digitalloverofficiel.com\/wp-content\/uploads\/2021\/01\/DIGITAL-LOVER_PROFIL-PIC4-768x142.png 768w, https:\/\/digitalloverofficiel.com\/wp-content\/uploads\/2021\/01\/DIGITAL-LOVER_PROFIL-PIC4-1536x285.png 1536w, https:\/\/digitalloverofficiel.com\/wp-content\/uploads\/2021\/01\/DIGITAL-LOVER_PROFIL-PIC4-1200x222.png 1200w, https:\/\/digitalloverofficiel.com\/wp-content\/uploads\/2021\/01\/DIGITAL-LOVER_PROFIL-PIC4-1980x367.png 1980w, https:\/\/digitalloverofficiel.com\/wp-content\/uploads\/2021\/01\/DIGITAL-LOVER_PROFIL-PIC4-e1610316966960.png 972w\" sizes=\"(max-width: 580px) 100vw, 580px\" \/>\t\t\t\t\t\t\t\t\t\t\t\t\t\t\t<\/div>\n\t\t\t\t<\/div>\n\t\t\t\t<div class=\"elementor-element elementor-element-db17374 elementor-nav-menu__align-center animated-slow elementor-nav-menu--dropdown-tablet elementor-nav-menu__text-align-aside elementor-nav-menu--toggle elementor-nav-menu--burger elementor-invisible elementor-widget elementor-widget-nav-menu\" data-id=\"db17374\" data-element_type=\"widget\" data-e-type=\"widget\" data-settings=\"{&quot;_animation&quot;:&quot;fadeInUp&quot;,&quot;layout&quot;:&quot;horizontal&quot;,&quot;submenu_icon&quot;:{&quot;value&quot;:&quot;&lt;svg class=\\&quot;e-font-icon-svg e-fas-caret-down\\&quot; viewBox=\\&quot;0 0 320 512\\&quot; xmlns=\\&quot;http:\\\/\\\/www.w3.org\\\/2000\\\/svg\\&quot;&gt;&lt;path d=\\&quot;M31.3 192h257.3c17.8 0 26.7 21.5 14.1 34.1L174.1 354.8c-7.8 7.8-20.5 7.8-28.3 0L17.2 226.1C4.6 213.5 13.5 192 31.3 192z\\&quot;&gt;&lt;\\\/path&gt;&lt;\\\/svg&gt;&quot;,&quot;library&quot;:&quot;fa-solid&quot;},&quot;toggle&quot;:&quot;burger&quot;}\" data-widget_type=\"nav-menu.default\">\n\t\t\t\t<div class=\"elementor-widget-container\">\n\t\t\t\t\t\t\t\t<nav aria-label=\"Menu\" class=\"elementor-nav-menu--main elementor-nav-menu__container elementor-nav-menu--layout-horizontal e--pointer-double-line e--animation-slow\">\n\t\t\t\t<ul id=\"menu-1-db17374\" class=\"elementor-nav-menu\"><li class=\"menu-item menu-item-type-custom menu-item-object-custom menu-item-home menu-item-24\"><a href=\"http:\/\/digitalloverofficiel.com\/\" class=\"elementor-item\">ACCUEIL<\/a><\/li>\n<li class=\"menu-item menu-item-type-post_type menu-item-object-page menu-item-25\"><a href=\"https:\/\/digitalloverofficiel.com\/index.php\/biographie\/\" class=\"elementor-item\">BIO<\/a><\/li>\n<li class=\"menu-item menu-item-type-post_type menu-item-object-page menu-item-97\"><a href=\"https:\/\/digitalloverofficiel.com\/index.php\/musique\/\" class=\"elementor-item\">MUSIQUE<\/a><\/li>\n<li class=\"menu-item menu-item-type-post_type menu-item-object-page menu-item-1727\"><a href=\"https:\/\/digitalloverofficiel.com\/index.php\/elementor-1707\/\" class=\"elementor-item\">LA SIESTE DUB<\/a><\/li>\n<li class=\"menu-item menu-item-type-post_type menu-item-object-page menu-item-158\"><a href=\"https:\/\/digitalloverofficiel.com\/index.php\/photos\/\" class=\"elementor-item\">PHOTOS<\/a><\/li>\n<li class=\"menu-item menu-item-type-post_type menu-item-object-page menu-item-90\"><a href=\"https:\/\/digitalloverofficiel.com\/index.php\/videos\/\" class=\"elementor-item\">VID\u00c9OS<\/a><\/li>\n<li class=\"menu-item menu-item-type-post_type menu-item-object-page menu-item-1080\"><a href=\"https:\/\/digitalloverofficiel.com\/index.php\/boutique\/\" class=\"elementor-item\">SHOP<\/a><\/li>\n<li class=\"menu-item menu-item-type-custom menu-item-object-custom menu-item-520\"><a href=\"#elementor-action%3Aaction%3Dpopup%3Aopen%26settings%3DeyJpZCI6IjUxNyIsInRvZ2dsZSI6ZmFsc2V9\" class=\"elementor-item elementor-item-anchor\">CONTACT<\/a><\/li>\n<\/ul>\t\t\t<\/nav>\n\t\t\t\t\t<div class=\"elementor-menu-toggle\" role=\"button\" tabindex=\"0\" aria-label=\"Permuter le menu\" aria-expanded=\"false\">\n\t\t\t<svg aria-hidden=\"true\" role=\"presentation\" class=\"elementor-menu-toggle__icon--open e-font-icon-svg e-eicon-menu-bar\" viewBox=\"0 0 1000 1000\" xmlns=\"http:\/\/www.w3.org\/2000\/svg\"><path d=\"M104 333H896C929 333 958 304 958 271S929 208 896 208H104C71 208 42 237 42 271S71 333 104 333ZM104 583H896C929 583 958 554 958 521S929 458 896 458H104C71 458 42 487 42 521S71 583 104 583ZM104 833H896C929 833 958 804 958 771S929 708 896 708H104C71 708 42 737 42 771S71 833 104 833Z\"><\/path><\/svg><svg aria-hidden=\"true\" role=\"presentation\" class=\"elementor-menu-toggle__icon--close e-font-icon-svg e-eicon-close\" viewBox=\"0 0 1000 1000\" xmlns=\"http:\/\/www.w3.org\/2000\/svg\"><path d=\"M742 167L500 408 258 167C246 154 233 150 217 150 196 150 179 158 167 167 154 179 150 196 150 212 150 229 154 242 171 254L408 500 167 742C138 771 138 800 167 829 196 858 225 858 254 829L496 587 738 829C750 842 767 846 783 846 800 846 817 842 829 829 842 817 846 804 846 783 846 767 842 750 829 737L588 500 833 258C863 229 863 200 833 171 804 137 775 137 742 167Z\"><\/path><\/svg>\t\t<\/div>\n\t\t\t\t\t<nav class=\"elementor-nav-menu--dropdown elementor-nav-menu__container\" aria-hidden=\"true\">\n\t\t\t\t<ul id=\"menu-2-db17374\" class=\"elementor-nav-menu\"><li class=\"menu-item menu-item-type-custom menu-item-object-custom menu-item-home menu-item-24\"><a href=\"http:\/\/digitalloverofficiel.com\/\" class=\"elementor-item\" tabindex=\"-1\">ACCUEIL<\/a><\/li>\n<li class=\"menu-item menu-item-type-post_type menu-item-object-page menu-item-25\"><a href=\"https:\/\/digitalloverofficiel.com\/index.php\/biographie\/\" class=\"elementor-item\" tabindex=\"-1\">BIO<\/a><\/li>\n<li class=\"menu-item menu-item-type-post_type menu-item-object-page menu-item-97\"><a href=\"https:\/\/digitalloverofficiel.com\/index.php\/musique\/\" class=\"elementor-item\" tabindex=\"-1\">MUSIQUE<\/a><\/li>\n<li class=\"menu-item menu-item-type-post_type menu-item-object-page menu-item-1727\"><a href=\"https:\/\/digitalloverofficiel.com\/index.php\/elementor-1707\/\" class=\"elementor-item\" tabindex=\"-1\">LA SIESTE DUB<\/a><\/li>\n<li class=\"menu-item menu-item-type-post_type menu-item-object-page menu-item-158\"><a href=\"https:\/\/digitalloverofficiel.com\/index.php\/photos\/\" class=\"elementor-item\" tabindex=\"-1\">PHOTOS<\/a><\/li>\n<li class=\"menu-item menu-item-type-post_type menu-item-object-page menu-item-90\"><a href=\"https:\/\/digitalloverofficiel.com\/index.php\/videos\/\" class=\"elementor-item\" tabindex=\"-1\">VID\u00c9OS<\/a><\/li>\n<li class=\"menu-item menu-item-type-post_type menu-item-object-page menu-item-1080\"><a href=\"https:\/\/digitalloverofficiel.com\/index.php\/boutique\/\" class=\"elementor-item\" tabindex=\"-1\">SHOP<\/a><\/li>\n<li class=\"menu-item menu-item-type-custom menu-item-object-custom menu-item-520\"><a href=\"#elementor-action%3Aaction%3Dpopup%3Aopen%26settings%3DeyJpZCI6IjUxNyIsInRvZ2dsZSI6ZmFsc2V9\" class=\"elementor-item elementor-item-anchor\" tabindex=\"-1\">CONTACT<\/a><\/li>\n<\/ul>\t\t\t<\/nav>\n\t\t\t\t\t\t<\/div>\n\t\t\t\t<\/div>\n\t\t\t\t<div class=\"elementor-element elementor-element-f30dfab elementor-widget elementor-widget-spacer\" data-id=\"f30dfab\" data-element_type=\"widget\" data-e-type=\"widget\" data-widget_type=\"spacer.default\">\n\t\t\t\t<div class=\"elementor-widget-container\">\n\t\t\t\t\t\t\t<div class=\"elementor-spacer\">\n\t\t\t<div class=\"elementor-spacer-inner\"><\/div>\n\t\t<\/div>\n\t\t\t\t\t\t<\/div>\n\t\t\t\t<\/div>\n\t\t\t\t<div class=\"elementor-element elementor-element-c932c9d elementor-widget elementor-widget-text-editor\" data-id=\"c932c9d\" data-element_type=\"widget\" data-e-type=\"widget\" data-widget_type=\"text-editor.default\">\n\t\t\t\t<div class=\"elementor-widget-container\">\n\t\t\t\t\t\t\t\t\t<h2><b>Treason\u00a0<\/b><\/h2><p><a href=\"https:\/\/bit.ly\/405mUdN\"><span style=\"text-decoration: underline;\">Deezer<\/span><\/a> &#8211; <span style=\"text-decoration: underline;\"><a href=\"https:\/\/bit.ly\/4aU66vi\">Spotify<\/a> <\/span>&#8211; <span style=\"text-decoration: underline;\"><a href=\"https:\/\/bit.ly\/4aXFBoD\">YouTube<\/a><\/span><\/p>\t\t\t\t\t\t\t\t<\/div>\n\t\t\t\t<\/div>\n\t\t\t\t<div class=\"elementor-element elementor-element-e62c739 elementor-widget elementor-widget-image\" data-id=\"e62c739\" data-element_type=\"widget\" data-e-type=\"widget\" data-widget_type=\"image.default\">\n\t\t\t\t<div class=\"elementor-widget-container\">\n\t\t\t\t\t\t\t\t\t\t\t\t\t\t\t<img decoding=\"async\" width=\"580\" height=\"580\" src=\"https:\/\/digitalloverofficiel.com\/wp-content\/uploads\/2026\/02\/POCHETTE-TREASON-1024x1024.jpg\" class=\"attachment-large size-large wp-image-1696\" alt=\"\" srcset=\"https:\/\/digitalloverofficiel.com\/wp-content\/uploads\/2026\/02\/POCHETTE-TREASON-1024x1024.jpg 1024w, https:\/\/digitalloverofficiel.com\/wp-content\/uploads\/2026\/02\/POCHETTE-TREASON-300x300.jpg 300w, https:\/\/digitalloverofficiel.com\/wp-content\/uploads\/2026\/02\/POCHETTE-TREASON-150x150.jpg 150w, https:\/\/digitalloverofficiel.com\/wp-content\/uploads\/2026\/02\/POCHETTE-TREASON-768x768.jpg 768w, https:\/\/digitalloverofficiel.com\/wp-content\/uploads\/2026\/02\/POCHETTE-TREASON-12x12.jpg 12w, https:\/\/digitalloverofficiel.com\/wp-content\/uploads\/2026\/02\/POCHETTE-TREASON-1200x1200.jpg 1200w, https:\/\/digitalloverofficiel.com\/wp-content\/uploads\/2026\/02\/POCHETTE-TREASON-600x600.jpg 600w, https:\/\/digitalloverofficiel.com\/wp-content\/uploads\/2026\/02\/POCHETTE-TREASON-100x100.jpg 100w, https:\/\/digitalloverofficiel.com\/wp-content\/uploads\/2026\/02\/POCHETTE-TREASON.jpg 1400w\" sizes=\"(max-width: 580px) 100vw, 580px\" \/>\t\t\t\t\t\t\t\t\t\t\t\t\t\t\t<\/div>\n\t\t\t\t<\/div>\n\t\t\t\t<div class=\"elementor-element elementor-element-846d790 elementor-widget elementor-widget-spacer\" data-id=\"846d790\" data-element_type=\"widget\" data-e-type=\"widget\" data-widget_type=\"spacer.default\">\n\t\t\t\t<div class=\"elementor-widget-container\">\n\t\t\t\t\t\t\t<div class=\"elementor-spacer\">\n\t\t\t<div class=\"elementor-spacer-inner\"><\/div>\n\t\t<\/div>\n\t\t\t\t\t\t<\/div>\n\t\t\t\t<\/div>\n\t\t\t\t<div class=\"elementor-element elementor-element-974b93d elementor-widget elementor-widget-video\" data-id=\"974b93d\" data-element_type=\"widget\" data-e-type=\"widget\" data-settings=\"{&quot;youtube_url&quot;:&quot;https:\\\/\\\/www.youtube.com\\\/watch?v=IbpTuIo5wSU&quot;,&quot;video_type&quot;:&quot;youtube&quot;,&quot;controls&quot;:&quot;yes&quot;}\" data-widget_type=\"video.default\">\n\t\t\t\t<div class=\"elementor-widget-container\">\n\t\t\t\t\t\t\t<div class=\"elementor-wrapper elementor-open-inline\">\n\t\t\t<div class=\"elementor-video\"><\/div>\t\t<\/div>\n\t\t\t\t\t\t<\/div>\n\t\t\t\t<\/div>\n\t\t\t\t\t<\/div>\n\t\t<\/div>\n\t\t\t\t\t<\/div>\n\t\t<\/section>\n\t\t\t\t<\/div>\n\t\t","protected":false},"excerpt":{"rendered":"<p>Treason\u00a0 Deezer &#8211; Spotify &#8211; YouTube<\/p>\n","protected":false},"author":1,"featured_media":0,"parent":0,"menu_order":0,"comment_status":"closed","ping_status":"closed","template":"","meta":{"footnotes":""},"class_list":["post-318","page","type-page","status-publish","hentry"],"yoast_head":"<!-- This site is optimized with the Yoast SEO plugin v27.4 - https:\/\/yoast.com\/product\/yoast-seo-wordpress\/ -->\n<title>DIGITAL LOVER<\/title>\n<meta name=\"description\" content=\"Cr\u00e9\u00e9 en 2017 en r\u00e9gion parisienne, Digital Lover offre un reggae instrumental aux fronti\u00e8res du Rock, du Dub et de la Synthwave.\" \/>\n<meta name=\"robots\" content=\"index, follow, max-snippet:-1, max-image-preview:large, max-video-preview:-1\" \/>\n<link rel=\"canonical\" href=\"https:\/\/digitalloverofficiel.com\/\" \/>\n<meta property=\"og:locale\" content=\"fr_FR\" \/>\n<meta property=\"og:type\" content=\"article\" \/>\n<meta property=\"og:title\" content=\"Digital Lover\" \/>\n<meta property=\"og:description\" content=\"Cr\u00e9\u00e9 en 2017 en r\u00e9gion parisienne, Digital Lover offre un reggae instrumental aux fronti\u00e8res du Rock, du Dub et de la Synthwave.\" \/>\n<meta property=\"og:url\" content=\"https:\/\/digitalloverofficiel.com\/\" \/>\n<meta property=\"og:site_name\" content=\"DIGITAL LOVER\" \/>\n<meta property=\"article:modified_time\" content=\"2026-03-19T10:51:50+00:00\" \/>\n<meta property=\"og:image\" content=\"https:\/\/digitalloverofficiel.com\/wp-content\/uploads\/2020\/11\/Sans-titre-4okokok-2-e1610317073695.jpg\" \/>\n\t<meta property=\"og:image:width\" content=\"2500\" \/>\n\t<meta property=\"og:image:height\" content=\"1950\" \/>\n\t<meta property=\"og:image:type\" content=\"image\/jpeg\" \/>\n<meta name=\"twitter:card\" content=\"summary_large_image\" \/>\n<meta name=\"twitter:title\" content=\"Digital Lover\" \/>\n<meta name=\"twitter:description\" content=\"Cr\u00e9\u00e9 en 2017 en r\u00e9gion parisienne, Digital Lover offre un reggae instrumental aux fronti\u00e8res du Rock, du Dub et de la Synthwave.\" \/>\n<meta name=\"twitter:image\" content=\"https:\/\/digitalloverofficiel.com\/wp-content\/uploads\/2020\/11\/Sans-titre-4okokok-2-e1610317073695.jpg\" \/>\n<meta name=\"twitter:label1\" content=\"Dur\u00e9e de lecture estim\u00e9e\" \/>\n\t<meta name=\"twitter:data1\" content=\"1 minute\" \/>\n<script type=\"application\/ld+json\" class=\"yoast-schema-graph\">{\"@context\":\"https:\\\/\\\/schema.org\",\"@graph\":[{\"@type\":\"WebPage\",\"@id\":\"https:\\\/\\\/digitalloverofficiel.com\\\/\",\"url\":\"https:\\\/\\\/digitalloverofficiel.com\\\/\",\"name\":\"DIGITAL LOVER\",\"isPartOf\":{\"@id\":\"https:\\\/\\\/digitalloverofficiel.com\\\/#website\"},\"primaryImageOfPage\":{\"@id\":\"https:\\\/\\\/digitalloverofficiel.com\\\/#primaryimage\"},\"image\":{\"@id\":\"https:\\\/\\\/digitalloverofficiel.com\\\/#primaryimage\"},\"thumbnailUrl\":\"https:\\\/\\\/digitalloverofficiel.com\\\/wp-content\\\/uploads\\\/2021\\\/01\\\/DIGITAL-LOVER_PROFIL-PIC4-1024x190.png\",\"datePublished\":\"2021-01-31T22:19:01+00:00\",\"dateModified\":\"2026-03-19T10:51:50+00:00\",\"description\":\"Cr\u00e9\u00e9 en 2017 en r\u00e9gion parisienne, Digital Lover offre un reggae instrumental aux fronti\u00e8res du Rock, du Dub et de la Synthwave.\",\"breadcrumb\":{\"@id\":\"https:\\\/\\\/digitalloverofficiel.com\\\/#breadcrumb\"},\"inLanguage\":\"fr-FR\",\"potentialAction\":[{\"@type\":\"ReadAction\",\"target\":[\"https:\\\/\\\/digitalloverofficiel.com\\\/\"]}]},{\"@type\":\"ImageObject\",\"inLanguage\":\"fr-FR\",\"@id\":\"https:\\\/\\\/digitalloverofficiel.com\\\/#primaryimage\",\"url\":\"https:\\\/\\\/digitalloverofficiel.com\\\/wp-content\\\/uploads\\\/2021\\\/01\\\/DIGITAL-LOVER_PROFIL-PIC4-1024x190.png\",\"contentUrl\":\"https:\\\/\\\/digitalloverofficiel.com\\\/wp-content\\\/uploads\\\/2021\\\/01\\\/DIGITAL-LOVER_PROFIL-PIC4-1024x190.png\"},{\"@type\":\"BreadcrumbList\",\"@id\":\"https:\\\/\\\/digitalloverofficiel.com\\\/#breadcrumb\",\"itemListElement\":[{\"@type\":\"ListItem\",\"position\":1,\"name\":\"Accueil\",\"item\":\"https:\\\/\\\/digitalloverofficiel.com\\\/\"},{\"@type\":\"ListItem\",\"position\":2,\"name\":\"Accueil\"}]},{\"@type\":\"WebSite\",\"@id\":\"https:\\\/\\\/digitalloverofficiel.com\\\/#website\",\"url\":\"https:\\\/\\\/digitalloverofficiel.com\\\/\",\"name\":\"DIGITAL LOVER\",\"description\":\"Cr\u00e9\u00e9 en 2017 en r\u00e9gion parisienne, Digital Lover offre un reggae instrumental aux fronti\u00e8res du Rock, du Dub et de la Synthwave.\",\"publisher\":{\"@id\":\"https:\\\/\\\/digitalloverofficiel.com\\\/#\\\/schema\\\/person\\\/7db65bb1974041fa692627b4c8dad02d\"},\"potentialAction\":[{\"@type\":\"SearchAction\",\"target\":{\"@type\":\"EntryPoint\",\"urlTemplate\":\"https:\\\/\\\/digitalloverofficiel.com\\\/?s={search_term_string}\"},\"query-input\":{\"@type\":\"PropertyValueSpecification\",\"valueRequired\":true,\"valueName\":\"search_term_string\"}}],\"inLanguage\":\"fr-FR\"},{\"@type\":[\"Person\",\"Organization\"],\"@id\":\"https:\\\/\\\/digitalloverofficiel.com\\\/#\\\/schema\\\/person\\\/7db65bb1974041fa692627b4c8dad02d\",\"name\":\"admin6576\",\"image\":{\"@type\":\"ImageObject\",\"inLanguage\":\"fr-FR\",\"@id\":\"https:\\\/\\\/digitalloverofficiel.com\\\/wp-content\\\/uploads\\\/2020\\\/12\\\/test2.jpg\",\"url\":\"https:\\\/\\\/digitalloverofficiel.com\\\/wp-content\\\/uploads\\\/2020\\\/12\\\/test2.jpg\",\"contentUrl\":\"https:\\\/\\\/digitalloverofficiel.com\\\/wp-content\\\/uploads\\\/2020\\\/12\\\/test2.jpg\",\"width\":2500,\"height\":702,\"caption\":\"admin6576\"},\"logo\":{\"@id\":\"https:\\\/\\\/digitalloverofficiel.com\\\/wp-content\\\/uploads\\\/2020\\\/12\\\/test2.jpg\"},\"sameAs\":[\"http:\\\/\\\/digitalloverofficiel.com\"]}]}<\/script>\n<!-- \/ Yoast SEO plugin. -->","yoast_head_json":{"title":"DIGITAL LOVER","description":"Cr\u00e9\u00e9 en 2017 en r\u00e9gion parisienne, Digital Lover offre un reggae instrumental aux fronti\u00e8res du Rock, du Dub et de la Synthwave.","robots":{"index":"index","follow":"follow","max-snippet":"max-snippet:-1","max-image-preview":"max-image-preview:large","max-video-preview":"max-video-preview:-1"},"canonical":"https:\/\/digitalloverofficiel.com\/","og_locale":"fr_FR","og_type":"article","og_title":"Digital Lover","og_description":"Cr\u00e9\u00e9 en 2017 en r\u00e9gion parisienne, Digital Lover offre un reggae instrumental aux fronti\u00e8res du Rock, du Dub et de la Synthwave.","og_url":"https:\/\/digitalloverofficiel.com\/","og_site_name":"DIGITAL LOVER","article_modified_time":"2026-03-19T10:51:50+00:00","og_image":[{"width":2500,"height":1950,"url":"https:\/\/digitalloverofficiel.com\/wp-content\/uploads\/2020\/11\/Sans-titre-4okokok-2-e1610317073695.jpg","type":"image\/jpeg"}],"twitter_card":"summary_large_image","twitter_title":"Digital Lover","twitter_description":"Cr\u00e9\u00e9 en 2017 en r\u00e9gion parisienne, Digital Lover offre un reggae instrumental aux fronti\u00e8res du Rock, du Dub et de la Synthwave.","twitter_image":"https:\/\/digitalloverofficiel.com\/wp-content\/uploads\/2020\/11\/Sans-titre-4okokok-2-e1610317073695.jpg","twitter_misc":{"Dur\u00e9e de lecture estim\u00e9e":"1 minute"},"schema":{"@context":"https:\/\/schema.org","@graph":[{"@type":"WebPage","@id":"https:\/\/digitalloverofficiel.com\/","url":"https:\/\/digitalloverofficiel.com\/","name":"DIGITAL LOVER","isPartOf":{"@id":"https:\/\/digitalloverofficiel.com\/#website"},"primaryImageOfPage":{"@id":"https:\/\/digitalloverofficiel.com\/#primaryimage"},"image":{"@id":"https:\/\/digitalloverofficiel.com\/#primaryimage"},"thumbnailUrl":"https:\/\/digitalloverofficiel.com\/wp-content\/uploads\/2021\/01\/DIGITAL-LOVER_PROFIL-PIC4-1024x190.png","datePublished":"2021-01-31T22:19:01+00:00","dateModified":"2026-03-19T10:51:50+00:00","description":"Cr\u00e9\u00e9 en 2017 en r\u00e9gion parisienne, Digital Lover offre un reggae instrumental aux fronti\u00e8res du Rock, du Dub et de la Synthwave.","breadcrumb":{"@id":"https:\/\/digitalloverofficiel.com\/#breadcrumb"},"inLanguage":"fr-FR","potentialAction":[{"@type":"ReadAction","target":["https:\/\/digitalloverofficiel.com\/"]}]},{"@type":"ImageObject","inLanguage":"fr-FR","@id":"https:\/\/digitalloverofficiel.com\/#primaryimage","url":"https:\/\/digitalloverofficiel.com\/wp-content\/uploads\/2021\/01\/DIGITAL-LOVER_PROFIL-PIC4-1024x190.png","contentUrl":"https:\/\/digitalloverofficiel.com\/wp-content\/uploads\/2021\/01\/DIGITAL-LOVER_PROFIL-PIC4-1024x190.png"},{"@type":"BreadcrumbList","@id":"https:\/\/digitalloverofficiel.com\/#breadcrumb","itemListElement":[{"@type":"ListItem","position":1,"name":"Accueil","item":"https:\/\/digitalloverofficiel.com\/"},{"@type":"ListItem","position":2,"name":"Accueil"}]},{"@type":"WebSite","@id":"https:\/\/digitalloverofficiel.com\/#website","url":"https:\/\/digitalloverofficiel.com\/","name":"DIGITAL LOVER","description":"Cr\u00e9\u00e9 en 2017 en r\u00e9gion parisienne, Digital Lover offre un reggae instrumental aux fronti\u00e8res du Rock, du Dub et de la Synthwave.","publisher":{"@id":"https:\/\/digitalloverofficiel.com\/#\/schema\/person\/7db65bb1974041fa692627b4c8dad02d"},"potentialAction":[{"@type":"SearchAction","target":{"@type":"EntryPoint","urlTemplate":"https:\/\/digitalloverofficiel.com\/?s={search_term_string}"},"query-input":{"@type":"PropertyValueSpecification","valueRequired":true,"valueName":"search_term_string"}}],"inLanguage":"fr-FR"},{"@type":["Person","Organization"],"@id":"https:\/\/digitalloverofficiel.com\/#\/schema\/person\/7db65bb1974041fa692627b4c8dad02d","name":"admin6576","image":{"@type":"ImageObject","inLanguage":"fr-FR","@id":"https:\/\/digitalloverofficiel.com\/wp-content\/uploads\/2020\/12\/test2.jpg","url":"https:\/\/digitalloverofficiel.com\/wp-content\/uploads\/2020\/12\/test2.jpg","contentUrl":"https:\/\/digitalloverofficiel.com\/wp-content\/uploads\/2020\/12\/test2.jpg","width":2500,"height":702,"caption":"admin6576"},"logo":{"@id":"https:\/\/digitalloverofficiel.com\/wp-content\/uploads\/2020\/12\/test2.jpg"},"sameAs":["http:\/\/digitalloverofficiel.com"]}]}},"jetpack_sharing_enabled":true,"_links":{"self":[{"href":"https:\/\/digitalloverofficiel.com\/index.php\/wp-json\/wp\/v2\/pages\/318","targetHints":{"allow":["GET"]}}],"collection":[{"href":"https:\/\/digitalloverofficiel.com\/index.php\/wp-json\/wp\/v2\/pages"}],"about":[{"href":"https:\/\/digitalloverofficiel.com\/index.php\/wp-json\/wp\/v2\/types\/page"}],"author":[{"embeddable":true,"href":"https:\/\/digitalloverofficiel.com\/index.php\/wp-json\/wp\/v2\/users\/1"}],"replies":[{"embeddable":true,"href":"https:\/\/digitalloverofficiel.com\/index.php\/wp-json\/wp\/v2\/comments?post=318"}],"version-history":[{"count":275,"href":"https:\/\/digitalloverofficiel.com\/index.php\/wp-json\/wp\/v2\/pages\/318\/revisions"}],"predecessor-version":[{"id":1745,"href":"https:\/\/digitalloverofficiel.com\/index.php\/wp-json\/wp\/v2\/pages\/318\/revisions\/1745"}],"wp:attachment":[{"href":"https:\/\/digitalloverofficiel.com\/index.php\/wp-json\/wp\/v2\/media?parent=318"}],"curies":[{"name":"wp","href":"https:\/\/api.w.org\/{rel}","templated":true}]}}