{"id":1707,"date":"2026-02-22T18:46:03","date_gmt":"2026-02-22T17:46:03","guid":{"rendered":"https:\/\/digitalloverofficiel.com\/?page_id=1707"},"modified":"2026-02-22T19:03:20","modified_gmt":"2026-02-22T18:03:20","slug":"elementor-1707","status":"publish","type":"page","link":"https:\/\/digitalloverofficiel.com\/index.php\/elementor-1707\/","title":{"rendered":"LA SIESTE DUB"},"content":{"rendered":"\t\t<div data-elementor-type=\"wp-page\" data-elementor-id=\"1707\" class=\"elementor elementor-1707\" data-elementor-post-type=\"page\">\n\t\t\t\t<div class=\"elementor-element elementor-element-79d2fc7 e-flex e-con-boxed e-con e-parent\" data-id=\"79d2fc7\" data-element_type=\"container\" data-e-type=\"container\">\n\t\t\t\t\t<div class=\"e-con-inner\">\n\t\t\t\t<div class=\"elementor-element elementor-element-cc233ee elementor-widget elementor-widget-text-editor\" data-id=\"cc233ee\" data-element_type=\"widget\" data-e-type=\"widget\" data-widget_type=\"text-editor.default\">\n\t\t\t\t<div class=\"elementor-widget-container\">\n\t\t\t\t\t\t\t\t\t<p><span style=\"font-weight: 400;\">Le vaisseau dub de DIGITAL LOVER est de retour avec un 3\u00e8me EP pour continuer de d\u00e9fricher les contr\u00e9es inexplor\u00e9es du reggae atmosph\u00e9rique ! Avec \u00c9VOLUTION, il vous guidera dans une r\u00eaverie onirique sur les traces du myst\u00e8re de la vie. Au gr\u00e9 de sonorit\u00e9s ambiantes indolentes et organiques entrecoup\u00e9es de bruitages, vous voyagerez du fond des oc\u00e9ans primitifs \u00e0 l\u2019instant de la naissance des premi\u00e8res cellules jusqu\u2019\u00e0 la qu\u00eate des \u00e9toiles \u00e0 la recherche de civilisations extraterrestres intelligentes\u2026<\/span><\/p>\t\t\t\t\t\t\t\t<\/div>\n\t\t\t\t<\/div>\n\t\t\t\t\t<\/div>\n\t\t\t\t<\/div>\n\t\t<div class=\"elementor-element elementor-element-66d2e7e e-flex e-con-boxed e-con e-parent\" data-id=\"66d2e7e\" data-element_type=\"container\" data-e-type=\"container\">\n\t\t\t\t\t<div class=\"e-con-inner\">\n\t\t\t\t<div class=\"elementor-element elementor-element-6ddd080 elementor-widget elementor-widget-image\" data-id=\"6ddd080\" data-element_type=\"widget\" data-e-type=\"widget\" data-widget_type=\"image.default\">\n\t\t\t\t<div class=\"elementor-widget-container\">\n\t\t\t\t\t\t\t\t\t\t\t\t\t\t\t\t<a href=\"https:\/\/digitalloverofficiel.com\/wp-content\/uploads\/2026\/02\/Digital-Lover-Sieste-Evolution.pdf\">\n\t\t\t\t\t\t\t<img fetchpriority=\"high\" decoding=\"async\" width=\"300\" height=\"173\" src=\"https:\/\/digitalloverofficiel.com\/wp-content\/uploads\/2020\/11\/kisspng-pdf-adobe-acrobat-computer-icons-pdf-icon-5b23e6c8b6f817.8485504415290794967495-300x173.png\" class=\"attachment-medium size-medium wp-image-177\" alt=\"\" srcset=\"https:\/\/digitalloverofficiel.com\/wp-content\/uploads\/2020\/11\/kisspng-pdf-adobe-acrobat-computer-icons-pdf-icon-5b23e6c8b6f817.8485504415290794967495-300x173.png 300w, https:\/\/digitalloverofficiel.com\/wp-content\/uploads\/2020\/11\/kisspng-pdf-adobe-acrobat-computer-icons-pdf-icon-5b23e6c8b6f817.8485504415290794967495-768x444.png 768w, https:\/\/digitalloverofficiel.com\/wp-content\/uploads\/2020\/11\/kisspng-pdf-adobe-acrobat-computer-icons-pdf-icon-5b23e6c8b6f817.8485504415290794967495.png 900w\" sizes=\"(max-width: 300px) 100vw, 300px\" \/>\t\t\t\t\t\t\t\t<\/a>\n\t\t\t\t\t\t\t\t\t\t\t\t\t\t\t<\/div>\n\t\t\t\t<\/div>\n\t\t\t\t<div class=\"elementor-element elementor-element-1d1bcea elementor-widget elementor-widget-text-editor\" data-id=\"1d1bcea\" data-element_type=\"widget\" data-e-type=\"widget\" data-widget_type=\"text-editor.default\">\n\t\t\t\t<div class=\"elementor-widget-container\">\n\t\t\t\t\t\t\t\t\t<p><span style=\"font-weight: 400;\">DOSSIER PEDAGOGIQUE<\/span><\/p>\t\t\t\t\t\t\t\t<\/div>\n\t\t\t\t<\/div>\n\t\t\t\t\t<\/div>\n\t\t\t\t<\/div>\n\t\t\t\t<\/div>\n\t\t","protected":false},"excerpt":{"rendered":"<p>Le vaisseau dub de DIGITAL LOVER est de retour avec un 3\u00e8me EP pour continuer de d\u00e9fricher les contr\u00e9es inexplor\u00e9es du reggae atmosph\u00e9rique ! Avec \u00c9VOLUTION, il vous guidera dans une r\u00eaverie onirique sur les traces du myst\u00e8re de la vie. Au gr\u00e9 de sonorit\u00e9s ambiantes indolentes et organiques entrecoup\u00e9es de bruitages, vous voyagerez du&hellip;<\/p>\n","protected":false},"author":1,"featured_media":0,"parent":0,"menu_order":0,"comment_status":"closed","ping_status":"closed","template":"","meta":{"footnotes":""},"class_list":["post-1707","page","type-page","status-publish","hentry"],"yoast_head":"<!-- This site is optimized with the Yoast SEO plugin v27.3 - https:\/\/yoast.com\/product\/yoast-seo-wordpress\/ -->\n<title>LA SIESTE DUB | DIGITAL LOVER<\/title>\n<meta name=\"robots\" content=\"index, follow, max-snippet:-1, max-image-preview:large, max-video-preview:-1\" \/>\n<link rel=\"canonical\" href=\"https:\/\/digitalloverofficiel.com\/index.php\/elementor-1707\/\" \/>\n<meta property=\"og:locale\" content=\"fr_FR\" \/>\n<meta property=\"og:type\" content=\"article\" \/>\n<meta property=\"og:title\" content=\"LA SIESTE DUB | DIGITAL LOVER\" \/>\n<meta property=\"og:description\" content=\"Le vaisseau dub de DIGITAL LOVER est de retour avec un 3\u00e8me EP pour continuer de d\u00e9fricher les contr\u00e9es inexplor\u00e9es du reggae atmosph\u00e9rique ! Avec \u00c9VOLUTION, il vous guidera dans une r\u00eaverie onirique sur les traces du myst\u00e8re de la vie. Au gr\u00e9 de sonorit\u00e9s ambiantes indolentes et organiques entrecoup\u00e9es de bruitages, vous voyagerez du&hellip;\" \/>\n<meta property=\"og:url\" content=\"https:\/\/digitalloverofficiel.com\/index.php\/elementor-1707\/\" \/>\n<meta property=\"og:site_name\" content=\"DIGITAL LOVER\" \/>\n<meta property=\"article:modified_time\" content=\"2026-02-22T18:03:20+00:00\" \/>\n<meta property=\"og:image\" content=\"https:\/\/digitalloverofficiel.com\/wp-content\/uploads\/2020\/11\/kisspng-pdf-adobe-acrobat-computer-icons-pdf-icon-5b23e6c8b6f817.8485504415290794967495.png\" \/>\n\t<meta property=\"og:image:width\" content=\"900\" \/>\n\t<meta property=\"og:image:height\" content=\"520\" \/>\n\t<meta property=\"og:image:type\" content=\"image\/png\" \/>\n<meta name=\"twitter:card\" content=\"summary_large_image\" \/>\n<meta name=\"twitter:label1\" content=\"Dur\u00e9e de lecture estim\u00e9e\" \/>\n\t<meta name=\"twitter:data1\" content=\"1 minute\" \/>\n<script type=\"application\/ld+json\" class=\"yoast-schema-graph\">{\"@context\":\"https:\\\/\\\/schema.org\",\"@graph\":[{\"@type\":\"WebPage\",\"@id\":\"https:\\\/\\\/digitalloverofficiel.com\\\/index.php\\\/elementor-1707\\\/\",\"url\":\"https:\\\/\\\/digitalloverofficiel.com\\\/index.php\\\/elementor-1707\\\/\",\"name\":\"LA SIESTE DUB | DIGITAL LOVER\",\"isPartOf\":{\"@id\":\"https:\\\/\\\/digitalloverofficiel.com\\\/#website\"},\"primaryImageOfPage\":{\"@id\":\"https:\\\/\\\/digitalloverofficiel.com\\\/index.php\\\/elementor-1707\\\/#primaryimage\"},\"image\":{\"@id\":\"https:\\\/\\\/digitalloverofficiel.com\\\/index.php\\\/elementor-1707\\\/#primaryimage\"},\"thumbnailUrl\":\"https:\\\/\\\/digitalloverofficiel.com\\\/wp-content\\\/uploads\\\/2020\\\/11\\\/kisspng-pdf-adobe-acrobat-computer-icons-pdf-icon-5b23e6c8b6f817.8485504415290794967495-300x173.png\",\"datePublished\":\"2026-02-22T17:46:03+00:00\",\"dateModified\":\"2026-02-22T18:03:20+00:00\",\"breadcrumb\":{\"@id\":\"https:\\\/\\\/digitalloverofficiel.com\\\/index.php\\\/elementor-1707\\\/#breadcrumb\"},\"inLanguage\":\"fr-FR\",\"potentialAction\":[{\"@type\":\"ReadAction\",\"target\":[\"https:\\\/\\\/digitalloverofficiel.com\\\/index.php\\\/elementor-1707\\\/\"]}]},{\"@type\":\"ImageObject\",\"inLanguage\":\"fr-FR\",\"@id\":\"https:\\\/\\\/digitalloverofficiel.com\\\/index.php\\\/elementor-1707\\\/#primaryimage\",\"url\":\"https:\\\/\\\/digitalloverofficiel.com\\\/wp-content\\\/uploads\\\/2020\\\/11\\\/kisspng-pdf-adobe-acrobat-computer-icons-pdf-icon-5b23e6c8b6f817.8485504415290794967495.png\",\"contentUrl\":\"https:\\\/\\\/digitalloverofficiel.com\\\/wp-content\\\/uploads\\\/2020\\\/11\\\/kisspng-pdf-adobe-acrobat-computer-icons-pdf-icon-5b23e6c8b6f817.8485504415290794967495.png\",\"width\":900,\"height\":520},{\"@type\":\"BreadcrumbList\",\"@id\":\"https:\\\/\\\/digitalloverofficiel.com\\\/index.php\\\/elementor-1707\\\/#breadcrumb\",\"itemListElement\":[{\"@type\":\"ListItem\",\"position\":1,\"name\":\"Accueil\",\"item\":\"https:\\\/\\\/digitalloverofficiel.com\\\/\"},{\"@type\":\"ListItem\",\"position\":2,\"name\":\"LA SIESTE DUB\"}]},{\"@type\":\"WebSite\",\"@id\":\"https:\\\/\\\/digitalloverofficiel.com\\\/#website\",\"url\":\"https:\\\/\\\/digitalloverofficiel.com\\\/\",\"name\":\"DIGITAL LOVER\",\"description\":\"Cr\u00e9\u00e9 en 2017 en r\u00e9gion parisienne, Digital Lover offre un reggae instrumental aux fronti\u00e8res du Rock, du Dub et de la Synthwave.\",\"publisher\":{\"@id\":\"https:\\\/\\\/digitalloverofficiel.com\\\/#\\\/schema\\\/person\\\/7db65bb1974041fa692627b4c8dad02d\"},\"potentialAction\":[{\"@type\":\"SearchAction\",\"target\":{\"@type\":\"EntryPoint\",\"urlTemplate\":\"https:\\\/\\\/digitalloverofficiel.com\\\/?s={search_term_string}\"},\"query-input\":{\"@type\":\"PropertyValueSpecification\",\"valueRequired\":true,\"valueName\":\"search_term_string\"}}],\"inLanguage\":\"fr-FR\"},{\"@type\":[\"Person\",\"Organization\"],\"@id\":\"https:\\\/\\\/digitalloverofficiel.com\\\/#\\\/schema\\\/person\\\/7db65bb1974041fa692627b4c8dad02d\",\"name\":\"admin6576\",\"image\":{\"@type\":\"ImageObject\",\"inLanguage\":\"fr-FR\",\"@id\":\"https:\\\/\\\/digitalloverofficiel.com\\\/wp-content\\\/uploads\\\/2020\\\/12\\\/test2.jpg\",\"url\":\"https:\\\/\\\/digitalloverofficiel.com\\\/wp-content\\\/uploads\\\/2020\\\/12\\\/test2.jpg\",\"contentUrl\":\"https:\\\/\\\/digitalloverofficiel.com\\\/wp-content\\\/uploads\\\/2020\\\/12\\\/test2.jpg\",\"width\":2500,\"height\":702,\"caption\":\"admin6576\"},\"logo\":{\"@id\":\"https:\\\/\\\/digitalloverofficiel.com\\\/wp-content\\\/uploads\\\/2020\\\/12\\\/test2.jpg\"},\"sameAs\":[\"http:\\\/\\\/digitalloverofficiel.com\"]}]}<\/script>\n<!-- \/ Yoast SEO plugin. -->","yoast_head_json":{"title":"LA SIESTE DUB | DIGITAL LOVER","robots":{"index":"index","follow":"follow","max-snippet":"max-snippet:-1","max-image-preview":"max-image-preview:large","max-video-preview":"max-video-preview:-1"},"canonical":"https:\/\/digitalloverofficiel.com\/index.php\/elementor-1707\/","og_locale":"fr_FR","og_type":"article","og_title":"LA SIESTE DUB | DIGITAL LOVER","og_description":"Le vaisseau dub de DIGITAL LOVER est de retour avec un 3\u00e8me EP pour continuer de d\u00e9fricher les contr\u00e9es inexplor\u00e9es du reggae atmosph\u00e9rique ! Avec \u00c9VOLUTION, il vous guidera dans une r\u00eaverie onirique sur les traces du myst\u00e8re de la vie. Au gr\u00e9 de sonorit\u00e9s ambiantes indolentes et organiques entrecoup\u00e9es de bruitages, vous voyagerez du&hellip;","og_url":"https:\/\/digitalloverofficiel.com\/index.php\/elementor-1707\/","og_site_name":"DIGITAL LOVER","article_modified_time":"2026-02-22T18:03:20+00:00","og_image":[{"width":900,"height":520,"url":"https:\/\/digitalloverofficiel.com\/wp-content\/uploads\/2020\/11\/kisspng-pdf-adobe-acrobat-computer-icons-pdf-icon-5b23e6c8b6f817.8485504415290794967495.png","type":"image\/png"}],"twitter_card":"summary_large_image","twitter_misc":{"Dur\u00e9e de lecture estim\u00e9e":"1 minute"},"schema":{"@context":"https:\/\/schema.org","@graph":[{"@type":"WebPage","@id":"https:\/\/digitalloverofficiel.com\/index.php\/elementor-1707\/","url":"https:\/\/digitalloverofficiel.com\/index.php\/elementor-1707\/","name":"LA SIESTE DUB | DIGITAL LOVER","isPartOf":{"@id":"https:\/\/digitalloverofficiel.com\/#website"},"primaryImageOfPage":{"@id":"https:\/\/digitalloverofficiel.com\/index.php\/elementor-1707\/#primaryimage"},"image":{"@id":"https:\/\/digitalloverofficiel.com\/index.php\/elementor-1707\/#primaryimage"},"thumbnailUrl":"https:\/\/digitalloverofficiel.com\/wp-content\/uploads\/2020\/11\/kisspng-pdf-adobe-acrobat-computer-icons-pdf-icon-5b23e6c8b6f817.8485504415290794967495-300x173.png","datePublished":"2026-02-22T17:46:03+00:00","dateModified":"2026-02-22T18:03:20+00:00","breadcrumb":{"@id":"https:\/\/digitalloverofficiel.com\/index.php\/elementor-1707\/#breadcrumb"},"inLanguage":"fr-FR","potentialAction":[{"@type":"ReadAction","target":["https:\/\/digitalloverofficiel.com\/index.php\/elementor-1707\/"]}]},{"@type":"ImageObject","inLanguage":"fr-FR","@id":"https:\/\/digitalloverofficiel.com\/index.php\/elementor-1707\/#primaryimage","url":"https:\/\/digitalloverofficiel.com\/wp-content\/uploads\/2020\/11\/kisspng-pdf-adobe-acrobat-computer-icons-pdf-icon-5b23e6c8b6f817.8485504415290794967495.png","contentUrl":"https:\/\/digitalloverofficiel.com\/wp-content\/uploads\/2020\/11\/kisspng-pdf-adobe-acrobat-computer-icons-pdf-icon-5b23e6c8b6f817.8485504415290794967495.png","width":900,"height":520},{"@type":"BreadcrumbList","@id":"https:\/\/digitalloverofficiel.com\/index.php\/elementor-1707\/#breadcrumb","itemListElement":[{"@type":"ListItem","position":1,"name":"Accueil","item":"https:\/\/digitalloverofficiel.com\/"},{"@type":"ListItem","position":2,"name":"LA SIESTE DUB"}]},{"@type":"WebSite","@id":"https:\/\/digitalloverofficiel.com\/#website","url":"https:\/\/digitalloverofficiel.com\/","name":"DIGITAL LOVER","description":"Cr\u00e9\u00e9 en 2017 en r\u00e9gion parisienne, Digital Lover offre un reggae instrumental aux fronti\u00e8res du Rock, du Dub et de la Synthwave.","publisher":{"@id":"https:\/\/digitalloverofficiel.com\/#\/schema\/person\/7db65bb1974041fa692627b4c8dad02d"},"potentialAction":[{"@type":"SearchAction","target":{"@type":"EntryPoint","urlTemplate":"https:\/\/digitalloverofficiel.com\/?s={search_term_string}"},"query-input":{"@type":"PropertyValueSpecification","valueRequired":true,"valueName":"search_term_string"}}],"inLanguage":"fr-FR"},{"@type":["Person","Organization"],"@id":"https:\/\/digitalloverofficiel.com\/#\/schema\/person\/7db65bb1974041fa692627b4c8dad02d","name":"admin6576","image":{"@type":"ImageObject","inLanguage":"fr-FR","@id":"https:\/\/digitalloverofficiel.com\/wp-content\/uploads\/2020\/12\/test2.jpg","url":"https:\/\/digitalloverofficiel.com\/wp-content\/uploads\/2020\/12\/test2.jpg","contentUrl":"https:\/\/digitalloverofficiel.com\/wp-content\/uploads\/2020\/12\/test2.jpg","width":2500,"height":702,"caption":"admin6576"},"logo":{"@id":"https:\/\/digitalloverofficiel.com\/wp-content\/uploads\/2020\/12\/test2.jpg"},"sameAs":["http:\/\/digitalloverofficiel.com"]}]}},"jetpack_sharing_enabled":true,"_links":{"self":[{"href":"https:\/\/digitalloverofficiel.com\/index.php\/wp-json\/wp\/v2\/pages\/1707","targetHints":{"allow":["GET"]}}],"collection":[{"href":"https:\/\/digitalloverofficiel.com\/index.php\/wp-json\/wp\/v2\/pages"}],"about":[{"href":"https:\/\/digitalloverofficiel.com\/index.php\/wp-json\/wp\/v2\/types\/page"}],"author":[{"embeddable":true,"href":"https:\/\/digitalloverofficiel.com\/index.php\/wp-json\/wp\/v2\/users\/1"}],"replies":[{"embeddable":true,"href":"https:\/\/digitalloverofficiel.com\/index.php\/wp-json\/wp\/v2\/comments?post=1707"}],"version-history":[{"count":13,"href":"https:\/\/digitalloverofficiel.com\/index.php\/wp-json\/wp\/v2\/pages\/1707\/revisions"}],"predecessor-version":[{"id":1726,"href":"https:\/\/digitalloverofficiel.com\/index.php\/wp-json\/wp\/v2\/pages\/1707\/revisions\/1726"}],"wp:attachment":[{"href":"https:\/\/digitalloverofficiel.com\/index.php\/wp-json\/wp\/v2\/media?parent=1707"}],"curies":[{"name":"wp","href":"https:\/\/api.w.org\/{rel}","templated":true}]}}